 remainder when 12265564 is divided by 224?
220
What is the remainder when 18950705 is divided by 21?
11
What is the remainder when 238186006 is divided by 19848833?
10
What is the remainder when 911827 is divided by 1680?
1267
What is the remainder when 63499858 is divided by 5772713?
15
What is the remainder when 13620523 is divided by 22?
15
What is the remainder when 5712434 is divided by 21315?
14
Calculate the remainder when 34424528 is divided by 6884902.
18
What is the remainder when 25484070 is divided by 461?
451
Calculate the remainder when 2287676 is divided by 1093.
27
Calculate the remainder when 1231821 is divided by 410445.
486
What is the remainder when 2680550 is divided by 2605?
5
Calculate the remainder when 100467 is divided by 8368.
51
Calculate the remainder when 2147607 is divided by 261.
99
Calculate the remainder when 774726 is divided by 387307.
112
What is the remainder when 347666 is divided by 173665?
336
What is the remainder when 86129 is divided by 28709?
2
What is the remainder when 3920698 is divided by 105964?
30
Calculate the remainder when 15840 is divided by 2312.
1968
Calculate the remainder when 84929834 is divided by 16985964.
14
What is the remainder when 21096 is divided by 10489?
118
What is the remainder when 19315966 is divided by 18?
4
Calculate the remainder when 4302380 is divided by 9353.
0
What is the remainder when 581346 is divided by 290603?
140
What is the remainder when 2820517 is divided by 705129?
1
What is the remainder when 11751 is divided by 513?
465
Calculate the remainder when 39281759 is divided by 480.
479
What is the remainder when 128089 is divided by 7499?
606
Calculate the remainder when 7511419 is divided by 417.
415
What is the remainder when 9846327 is divided by 1928?
31
Calculate the remainder when 647733 is divided by 274.
271
What is the remainder when 1234854 is divided by 4680?
4014
What is the remainder when 54747 is divided by 277?
178
Calculate the remainder when 28504 is divided by 7062.
256
Calculate the remainder when 47084192 is divided by 36.
8
What is the remainder when 500343 is divided by 548?
19
Calculate the remainder when 6750470 is divided by 76.
74
Calculate the remainder when 321304 is divided by 1253.
536
Calculate the remainder when 175265 is divided by 8433.
6605
What is the remainder when 747791 is divided by 376?
303
What is the remainder when 1204426 is divided by 26?
2
Calculate the remainder when 747853 is divided by 20.
13
Calculate the remainder when 1173379809 is divided by 12.
9
What is the remainder when 10543 is divided by 2108?
3
Calculate the remainder when 27423 is divided by 801.
189
Calculate the remainder when 12348787 is divided by 41.
38
What is the remainder when 8209605 is divided by 1242?
1227
What is the remainder when 15502 is divided by 1672?
454
What is the remainder when 17593 is divided by 5031?
2500
Calculate the remainder when 25979183 is divided by 639.
638
Calculate the remainder when 6505703 is divided by 1190.
1163
What is the remainder when 6116108 is divided by 185335?
53
What is the remainder when 259841 is divided by 413?
64
Calculate the remainder when 6533058 is divided by 40080.
18
What is the remainder when 46297 is divided by 3038?
727
Calculate the remainder when 55752379 is divided by 62.
57
What is the remainder when 2695408 is divided by 1206?
1204
What is the remainder when 191819 is divided by 9528?
1259
Calculate the remainder when 105416 is divided by 13552.
10552
What is the remainder when 427107 is divided by 3?
0
Calculate the remainder when 3298901 is divided by 2612.
2557
Calculate the remainder when 348403 is divided by 405.
103
Calculate the remainder when 114024 is divided by 1756.
1640
What is the remainder when 19932742 is divided by 9966350?
42
What is the remainder when 190142 is divided by 63176?
614
Calculate the remainder when 204844 is divided by 102367.
110
What is the remainder when 925406 is divided by 17788?
430
Calculate the remainder when 13287 is divided by 3149.
691
Calculate the remainder when 15569849 is divided by 15569828.
21
What is the remainder when 182810 is divided by 6092?
50
What is the remainder when 9654006 is divided by 1937?
1935
What is the remainder when 44786784 is divided by 2468?
2456
Calculate the remainder when 149336 is divided by 358.
50
Calculate the remainder when 15452 is divided by 4998.
458
Calculate the remainder when 26304 is divided by 4355.
174
Calculate the remainder when 14027855 is divided by 57.
41
What is the remainder when 2879945 is divided by 239965?
365
What is the remainder when 1588756 is divided by 4321?
2949
Calculate the remainder when 37312858 is divided by 260.
258
What is the remainder when 9173508 is divided by 852?
24
Calculate the remainder when 889806 is divided by 2907.
264
What is the remainder when 2635395 is divided by 202708?
191
Calculate the remainder when 4848361 is divided by 4863.
4813
What is the remainder when 224071 is divided by 192?
7
Calculate the remainder when 46190633 is divided by 776.
9
What is the remainder when 77732 is divided by 255?
212
Calculate the remainder when 6446245 is divided by 2269.
16
What is the remainder when 110366 is divided by 108339?
2027
Calculate the remainder when 6106745 is divided by 1017788.
17
Calculate the remainder when 649223698 is divided by 100.
98
What is the remainder when 223372 is divided by 6979?
44
Calculate the remainder when 2244188 is divided by 1244.
12
Calculate the remainder when 1496530 is divided by 498827.
49
Calculate the remainder when 41019759 is divided by 561.
0
What is the remainder when 142784 is divided by 23688?
656
What is the remainder when 2512271 is divided by 156999?
287
Calculate the remainder when 19805753 is divided by 9902788.
177
Calculate the remainder when 161065 is divided by 53126.
1687
What is the remainder when 40449930 is divided by 129233?
1
Calculate the remainder when 318252 is divided by 273.
207
What is the remainder when 1110555 is divided by 1184?
1147
What is the remainder when 11910311 is divided by 387?
386
Calculate the remainder when 275596 is divided by 77.
13
What is the remainder when 6204 is divided by 2771?
662
Calculate the remainder when 226149 is divided by 7789.
268
What is the remainder when 922433 is divided by 176?
17
What is the remainder when 119905324 is divided by 70?
14
What is the remainder when 186573 is divided by 1684?
1333
What is the remainder when 63322 is divided by 7915?
2
What is the remainder when 63047 is divided by 2702?
901
Calculate the remainder when 8213439 is divided by 200327.
32
Calculate the remainder when 124444 is divided by 194.
90
Calculate the remainder when 516986 is divided by 300.
86
What is the remainder when 368172 is divided by 1297?
1121
Calculate the remainder when 2105349 is divided by 75.
24
Calculate the remainder when 1461738 is divided by 26101.
82
Calculate the remainder when 428099 is divided by 213732.
635
What is the remainder when 1575582 is divided by 105025?
207
Calculate the remainder when 28822005 is divided by 4463.
4414
What is the remainder when 970430 is divided by 485069?
292
What is the remainder when 58073 is divided by 18093?
3794
What is the remainder when 910978 is divided by 50568?
754
What is the remainder when 12928217 is divided by 568?
537
What is the remainder when 53389 is divided by 952?
77
What is the remainder when 314284 is divided by 1816?
116
Calculate the remainder when 159539 is divided by 124.
75
What is the remainder when 208479677 is divided by 22?
21
What is the remainder when 320190 is divided by 106726?
12
Calculate the remainder when 1873100 is divided by 80.
60
What is the remainder when 705946 is divided by 235248?
202
Calculate the remainder when 1506801 is divided by 215251.
44
What is the remainder when 1947143 is divided by 38?
23
What is the remainder when 33839314 is divided by 119?
117
What is the remainder when 65475586 is divided by 104?
98
What is the remainder when 21752426 is divided by 7250803?
17
Calculate the remainder when 4569186 is divided by 24.
18
What is the remainder when 615101 is divided by 2330?
2311
Calculate the remainder when 10700343 is divided by 34.
33
What is the remainder when 2